(-361)*29/3.
27
Suppose 0 = 4*w - 9*w - v - 2015, -4*w = 4*v + 1628. Let u = 422 + w. Suppose -20 = -5*b + 565. Calculate the remainder when b is divided by u.
17
Let c(o) = 13*o**2 + 98*o + 396. Calculate the remainder when c(-4) is divided by 12.
8
What is the remainder when 7739 is divided by ((-56)/(-84))/((6/(-54))/((-158)/6))?
155
Suppose 115*k - 1358 = 108*k. What is the remainder when 378 is divided by k?
184
Suppose 5*z + 84*c = 83*c + 150, 4*c = 5*z - 175. What is the remainder when 14599 is divided by z?
29
Suppose b - 28 = -2*b + z, -4*z = 3*b - 38. Let x(s) = 2*s + 3. What is the remainder when x(b) is divided by 6?
5
Suppose -4*d = -2*q + q + 142, -q - 4*d = -118. Suppose 8*c - q = 30. Calculate the remainder when (61/(-4))/(15/c + -1) is divided by 16.
13
Let c = 32 - 16. Let f = 21924 + -21804. What is the remainder when f is divided by c?
8
Let t = 91 + -52. Suppose h + 93 = 2*w + w, -5*w + 155 = 3*h. Suppose -3*c + 4*s = -38, -c + 2*s + w = -3*s. Calculate the remainder when t is divided by c.
3
Let b(f) = -41 + 7*f + 16 + 9. What is the remainder when b(9) is divided by 15?
2
Suppose 10*i - 2*i = 35*i - 3321. What is the remainder when i is divided by 44?
35
Let d be 24/14 - 4/(-14). What is the remainder when -2 + 1 + 104/d is divided by 67/(-335) - 136/(-5)?
24
Let x(v) be the third derivative of v**5/30 + v**4/8 - 44*v**3/3 + 2*v**2 - 1. What is the remainder when x(12) is divided by 17?
15
Let q be -100 + 6*(-2)/(-3). Let i = q - -160. Let x = 262 + -229. What is the remainder when i is divided by x?
31
Let p = 4389 + -4141. Calculate the remainder when p is divided by 85.
78
Let a(y) = -y**3 + 15*y**2 + 54*y + 18. Let x be (-3)/((-1)/2 - (-39)/117). What is the remainder when 57 is divided by a(x)?
3
Suppose 302 = 5*l + 52. Let t = l + 22. Suppose t = 7*o - o. Calculate the remainder when 34 is divided by o.
10
Let j(v) = 19*v + 67. Let f(a) = 17*a + 66. Let s(i) = 3*f(i) - 2*j(i). What is the remainder when 121 is divided by s(0)?
57
Suppose 5*t + 4*g = 5*g + 702, 0 = -t + 4*g + 148. What is the remainder when t is divided by 48?
44
Let k = 121 - 61. Let y = -63 + k. What is the remainder when 41 - 3 - 1 - y is divided by 21?
19
Suppose -50*x + 153*x + 162 = 4385. Calculate the remainder when x is divided by 14/8*(12 + 0).
20
Let d(g) = 39 - 49 + 82 - g. What is the remainder when d(9) is divided by 13?
11
Suppose 5*w = -11*w + 176. Suppose 4*h = 23 - w. Suppose -h*l = 5 - 23. Calculate the remainder when 45 is divided by l.
3
Suppose -5*x - 39 + 64 = 0, -f - x + 1800 = 0. Calculate the remainder when f is divided by 27.
13
Let p(r) = 5*r - 1. Let h be 3/(-4)*120/(-45). Let f be p(h). Suppose 0 = -9*y + 6*y + f. What is the remainder when 9 is divided by y?
0
Suppose -102*c = -100*c - 2*h - 940, 2*c - 884 = -5*h. What is the remainder when c is divided by 250?
212
What is the remainder when 10/(-45) + 19048/18 + -10 is divided by 17?
11
Let r(s) = 3*s**2 - 23*s + 48. Suppose 0 = 5*q - 3*u - 19, 0 = 3*q - 6*q - 2*u. Calculate the remainder when 77 is divided by r(q).
7
Let g(j) = 2*j**2 - 6*j - 38. What is the remainder when g(-9) is divided by 45?
43
Let x(h) = -2*h**3 - 3*h**2 + 2. Suppose 5*s - 4*g + 26 = 0, 3*s - 4 + 14 = g. Let b(i) = i - 1. Calculate the remainder when b(12) is divided by x(s).
5
Let j(o) = 0*o - 10 - 19*o**2 + 22*o**2 - 11*o. Let x be j(6). Suppose -39 = -z - x. Calculate the remainder when 39 is divided by z.
4
Let z = 184 - 198. Calculate the remainder when 27 is divided by (-3*(3 + -2) - z) + 5.
11
Suppose 16 - 4 = 4*q. Suppose l + 18 = -q*d - 2*l, -2*l = 3*d + 21. What is the remainder when 81 is divided by ((-48 - d) + -2*1)/(-1)?
40
Suppose 182*r - 417427 = 12*r + 289603. What is the remainder when r is divided by 40?
39
Let k(a) = a**2 + 28*a - 1491. What is the remainder when k(-62) is divided by 212?
193
Suppose -4*s = 24 + 8. Calculate the remainder when 148 is divided by 4 + (6/s - (-435)/20).
23
Let g = -4308 + 4430. Calculate the remainder when 147 is divided by g.
25
Suppose 3*i - 45 + 36 = 0. Suppose -i*n - 25 = -91. What is the remainder when 109 is divided by n?
21
Suppose 2*r - 236 = -2*r. Suppose 0 = 59*m - 84*m - 150. What is the remainder when r is divided by 25 - (-54)/(15 + m)?
28
Let v(j) = -42 - 24*j - 16*j + 45*j - 19. What is the remainder when 74 is divided by v(16)?
17
Let u = -524 + 1102. Suppose -u = -8*b + 2518. Calculate the remainder when b is divided by 65.
62
Let u(b) = 2*b**2 + 4. Calculate the remainder when u(-6) is divided by 14 - ((-10 - -8 - -2) + -9).
7
Suppose 21*i - 75*i = -31*i - 6486. What is the remainder when i is divided by 56?
2
What is the remainder when 3084 is divided by -10*48/(-32) - 4?
4
Suppose -a - 5 + 1 = 0, 229 = 5*i - a. Suppose -5*q + 12 = -3*v - 1, 0 = -5*q - 5*v + i. Suppose o + 2*o - 66 = 0. What is the remainder when o is divided by q?
2
Let t(i) = i**3 - i**2 + 56. Let c be -3 - 1 - (-6 - (-2 + 0)). Let k be t(c). Calculate the remainder when 35 is divided by ((14/8)/(7/k))/2.
0
Suppose -104 = -3*u - 5*u. Suppose -104*v + 35 = -99*v. What is the remainder when u is divided by v?
6
Suppose -5*r = -k + 67, -5*r - 71 = -2*k - 4*r. What is the remainder when 2140 is divided by k?
28
Let r(q) = -19*q**2 - 12 + 0*q**2 + 4*q + 22*q**2. What is the remainder when 29 is divided by r(2)?
5
Suppose 400*u - 389*u - 220 = 0. Let a(m) = m - 6. Let k be a(6). Suppose -4*y = 5*d - 21, k*y - 4*d = -y + 21. Calculate the remainder when u is divided by y.
2
Let i = -1 - -3. Suppose 4*x - z = 10, 0 = -i*x - 5*z - 10 + 4. Suppose x*n + 0*o = 4*o + 22, 3*n + 3*o = 33. What is the remainder when 28 is divided by n?
6
What is the remainder when -6 + 4667/23 + ((-63)/69 - -1) is divided by 71?
55
Let h = 24 - 19. Suppose 4 = -w, 0 = -6*b + 2*b + h*w + 40. Suppose 2*j = 5*d + 28, 0*d - 41 = -b*j - 2*d. Calculate the remainder when 35 is divided by j.
8
Let a = 340 + -287. Suppose -a*g + 33*g = -340. Calculate the remainder when 77 is divided by g.
9
Let v(z) = -28*z + 56. Let u be v(2). Suppose 2*a - 2*x - 700 = u, -x - 383 = -2*a + 314. Calculate the remainder when a is divided by 12.
11
Suppose 5*l + 100 = 360. Suppose -30 = -5*n + 3*h, -5*h + 0*h + l = 3*n. What is the remainder when 780 is divided by n?
6
Suppose -4*s - 2*l + 329 = -783, s = 4*l + 260. What is the remainder when s is divided by 71?
63
Suppose -4*f + f + 75 = 0. Let w be 1*(0 + -23) - (5 + -8). Let j = f + w. What is the remainder when 9 is divided by j?
4
Suppose 2*i + 5 = 3*d, -i + 2*d - 10 = -6. Suppose 0 = -2*r - 4 + 2, 4*r - 76 = -i*g. Calculate the remainder when 197 is divided by g.
37
Let l = 7797 + -7309. What is the remainder when l is divided by 151?
35
Let l be 0 + 44 - (34 - 33). Suppose 0 = -l*c + 8*c + 1260. Calculate the remainder when 287 is divided by c.
35
What is the remainder when 249 is divided by ((0 - -237)*(-28)/(-84))/1?
12
Suppose 0 = 26*a - 882 - 262. Suppose 28 = 3*p - a. What is the remainder when p is divided by 14?
10
Let y = 15936 + -15743. What is the remainder when 217 is divided by y?
24
Let w(c) = 20*c. Let l be w(-1). Let u be (-219)/(32/(-336) + (-244)/84). Let o = l + u. Calculate the remainder when 315 is divided by o.
50
Let n = 5 + 3. Suppose n*j - 4*j + 50 = -2*q, 4*j - 139 = 5*q. Calculate the remainder when q/18*34/(-3) is divided by 6.
5
Let a(v) = 2*v + 6 + 1 + 110*v**2 - 10 + v. What is the remainder when a(1) is divided by 39?
32
Suppose -857*n - 2240 = -871*n. Suppose 14*p - 152 - 58 = 0. Calculate the remainder when n is divided by p.
10
Let r(t) = -t**3 + 7*t**2 - 5. Let s = 2863 - 2853. Calculate the remainder when r(6) is divided by s.
1
Calculate the remainder when 1 + 8968/15 - (27 + 2035/(-75)) is divided by 50.
49
Let d(a) = a**3 + 2*a**2 - 5*a - 7. Let r be d(-2). Suppose 3*x = 9, -r*x - 149 + 1126 = 4*i. Let u = i - 173. What is the remainder when u is divided by 14?
13
Suppose 0 = 3*r + 5 - 77. What is the remainder when r is divided by 14 + 5*(-49)/35?
3
Suppose -2*g + 306 = 15*g. Let k = g - 13. Suppose 7*o - k*o = 40. What is the remainder when 75 is divided by o?
15
Suppose 2*l = 16, 26*i + 4*l + 175 = 29*i. Suppose -5*m = -u + 6*u + 515, 5*u = m + 115. What is the remainder when i is divided by 3*(m/(-9))/5?
6
Let 